hat is the tens digit of k(-2)?
4
Let j(g) = -g**3 + g**2 + 1. Suppose -l = 4*v + 12, -2*v = -2*l - 3*l + 6. Suppose -2*u - u + 3 = l. What is the units digit of j(u)?
1
Let k(i) be the first derivative of -3*i**2 - 4*i + 1. Let j be k(-3). Suppose -w = j - 43. What is the tens digit of w?
2
Let b(a) = -4*a**3 + a**2 + 6*a + 1. Let t(d) = -3*d**3 + 2*d**2 + 5*d. Let x(y) = -4*b(y) + 5*t(y). Let s be x(-6). What is the units digit of s/35 - (-79)/7?
1
Let d(j) be the first derivative of j**4/6 + 5*j**3/6 + 3*j**2 - 10*j - 7. Let m(y) be the first derivative of d(y). What is the tens digit of m(-4)?
1
Let d(s) = 21*s + 2 - 1 - 18*s. Let u be d(-1). What is the tens digit of 31 - (2 + u - 3)?
3
Let g be (-4746)/63 + ((-2)/(-6))/1. Let t = g - -81. What is the units digit of t?
6
Let k(f) = 3*f + 15. Let q = 11 - 4. Let z be k(q). Suppose 2*s = -2*s + z. What is the units digit of s?
9
Suppose 3*d + 402 = 5*d - 2*q, 405 = 2*d - 5*q. Suppose -c + 6*c = d. What is the units digit of c?
0
Suppose 0 = y - 4*x, -4*y + 0*y + 5*x = 0. Suppose y*w = 13*w - 1001. What is the units digit of w?
7
Let n be ((-4)/10)/(2/(-10)). Let t(a) = 14*a - 9. What is the tens digit of t(n)?
1
Let b(r) = 22*r + 2. Let t be b(1). Suppose -3*n + 3*y + t = -51, -4*n + y = -91. What is the units digit of n?
2
Suppose 2*s - 82 = -5*r, 0 = -4*r - s + 26 + 39. Suppose 0*k + 4*k = r. Suppose -4*n = -m + 39 - 1, 0 = 5*m + k*n - 118. What is the units digit of m?
6
Suppose 5*w - 20063 = 2*p, 21*w = 23*w - 4*p - 8022. What is the units digit of w?
3
Let g(j) = j**3 + 30*j**2 - 17*j + 329. What is the thousands digit of g(-24)?
4
Suppose -11*l = -8886 + 3243. What is the hundreds digit of l?
5
Let o = 16 - 15. Suppose 4*i = 43 + o. Suppose 5*k = 2*f + i, 0*f - 3*f = k - 9. What is the units digit of k?
3
Suppose -f - 3*j + 2127 = 0, -4*f = -3*j - 3005 - 5503. What is the units digit of f?
7
Let h be 10/(-25) - 456/(-15). Let x be h/4*50/15. What is the units digit of (1 + 0)*(x - 15)?
0
What is the thousands digit of 3207 + 24 - 6/(4 + -1)?
3
Let n = 1680 - 941. What is the tens digit of n?
3
Let s(y) = y**3 + 2*y**2 + 0*y**2 + 0*y**2 + y - 3*y + 7. What is the tens digit of s(3)?
4
Let r be (-3)/12 - (-51)/(-4). Let g = r - -15. Suppose 105 = g*w + w. What is the tens digit of w?
3
Let j be (-1)/(-1)*59/2*10. Suppose -421 = -3*g - 5*q, 3*q + j = -4*g + 871. What is the hundreds digit of g?
1
Let w(o) = 3*o + 27. Let u be w(8). Suppose u + 191 = j. What is the tens digit of j?
4
Suppose -2*u = -3*y + 2201, -y + 3*u + 3667 = 4*y. What is the units digit of y?
1
Let z(q) = -26 + q + 59 + 0*q. What is the units digit of z(14)?
7
Let m be (10/(-3 + 1))/(-1). Let j(v) = 10*v**2 + 16*v + 12. Let p(k) = 7*k**2 + 11*k + 8. Let i(z) = m*j(z) - 7*p(z). What is the tens digit of i(-5)?
1
Suppose -5*d = -3*d - 20. Let o be ((-8)/d)/(11/55). Let f(p) = p**2 - 2*p - 3. What is the tens digit of f(o)?
2
What is the hundreds digit of 48829/77 - 7 - (-1)/(-7)?
6
Let s(n) = n**3 + 5*n**2 - 56*n - 15. What is the units digit of s(6)?
5
Let x(f) be the first derivative of 31*f**3/3 + 2. Let z be (1 + -4)*21/63. What is the units digit of x(z)?
1
Suppose -3*o + 12 = -4*o. What is the units digit of o/(-20) - (-7)/5?
2
Suppose -8*j + 33 = 9. Suppose -2*m + j = 3*n - 0*n, 3*m = 2*n + 37. What is the units digit of m?
9
Let s be (-1784)/(1 + (-15)/5). Suppose 0 = 10*g - 3652 + s. What is the tens digit of g?
7
Suppose 1019 = -2*l + 3*l - 3*k, 4*l - 5*k = 4104. What is the tens digit of l?
3
Let p(s) = -55*s + s**2 + 55*s + 6*s**3. Let c(j) = j**3 - j**2 + 2*j + 1. Let x be c(0). What is the units digit of p(x)?
7
Suppose -5*b - 2*s = 2*s - 3434, -4*b - 4*s = -2748. What is the hundreds digit of b?
6
Let x(n) = 91*n**2 + 2*n - 2. What is the units digit of x(1)?
1
Suppose -5*b - p - p + 1272 = 0, -2*p = 4*b - 1016. Suppose -b = 5*y - 9*y. What is the tens digit of y?
6
Suppose 0 = -3*k + 9 + 9. Suppose 3*v = k*v - 180. What is the tens digit of v?
6
Suppose 13*g - 21 - 5 = 0. Suppose 2*l - g*m - 104 = 0, -58 = -2*l - 2*m + 38. What is the units digit of l?
0
Suppose 15*m + 59 = -61. What is the tens digit of ((-3)/(-6))/((m/2)/(-1784))?
2
Let d = 61 - 61. Suppose d = -5*l + 195 + 260. What is the units digit of l?
1
Suppose 3*y = 3*o - 21, -4*o + 3*y - 2*y = -34. Suppose o = 2*b - 11. Suppose 4*d - 3*d - 3*p = 0, -d - 2*p = -b. What is the units digit of d?
6
Let h = 695 - 479. Suppose 9 = 3*q - h. What is the units digit of ((-6)/(-10))/(1/q)?
5
Suppose 5*b - l + 5 - 19 = 0, -3*l - 14 = -b. Suppose -b*i + 3*u = -146, -i - 3*u - 6 + 61 = 0. What is the tens digit of i?
6
Suppose 0 = -n + 2*b + 15, -5 = 2*n - 0*n + 3*b. Suppose n*y = 3*y - 2*w - 10, 2*y = -5*w - 25. Suppose y = -4*l - 0*l + 192. What is the units digit of l?
8
What is the tens digit of ((-1238)/(-3))/((-6)/(-9))?
1
Let a(c) = c**2 + 2*c - 5. What is the tens digit of a(9)?
9
Suppose 0 = -4*t - 9 - 3. Let u be 4/4 + t + 0. What is the tens digit of (-1)/(u/56 + 0)?
2
Suppose 245 - 20 = 5*k. Let i = k + -9. What is the units digit of (-8)/i - (-146)/9?
6
What is the tens digit of 128786/49 + (-12)/42?
2
Suppose t - 4 = 0, -411 = x + 4*t - 1767. What is the units digit of x?
0
Suppose -4*x - 22 = 3*j, 0*x + 1 = -x. Let h = -6 - j. What is the units digit of (h - -3)/(-1) - -5?
2
Suppose 2*j - 495*v = -491*v + 9806, -2*v = -5*j + 24555. What is the units digit of j?
3
Let b(i) = i**3 + 7*i**2 - 16*i + 26. What is the units digit of b(-8)?
0
What is the hundreds digit of 51/(-255) + (-1 - (-22232)/10)?
2
Suppose -56*z - 24830 = -69*z. What is the thousands digit of z?
1
Let h = 21 - 22. What is the tens digit of (-26)/4*6*h?
3
Let s = -121 + 121. Suppose s = -6*j + 1295 + 367. What is the hundreds digit of j?
2
Let y = 23 + -23. Suppose y = 2*q - q + 30. Let s = -9 - q. What is the tens digit of s?
2
Let v be 2/(4 + (-6)/2). Suppose v*n = -3*n - 15. What is the units digit of 110/66 - 1/n?
2
Suppose 61*s - 705 = 58*s. What is the units digit of s?
5
Let p be -25 - (2 + -2 - -2). Let d = 74 + p. What is the units digit of d?
7
Let n(c) = -34*c - 1. Let s be n(-7). What is the tens digit of s/(-2)*(-2)/3?
7
Suppose 4*q - 1441 = 5*n, 43 = -5*q - 2*n + 1869. What is the tens digit of q?
6
Let j(b) = b**2 - 6*b - 17. Let c = 1 - -6. Let u be j(c). What is the tens digit of u/((-4)/6 - 0)?
1
Let h = -77 + 8. Let s be (-2 - h/6)*28. Suppose -2*p - 124 = -2*q, q + 2*p - s = -3*q. What is the tens digit of q?
6
Suppose 0 = -0*n + 4*n - 4*d + 256, n = -4*d - 44. What is the units digit of (n/(-35))/(2/203)?
4
Suppose 2*v = -2*v + 2*x + 14, 4*v + 2*x = 2. Suppose 0 = -3*i + 5*a + 7, 2*i + 3*a = -v*i - 10. Let c(p) = 52*p**2 - 1. What is the units digit of c(i)?
1
Let t(x) = -x**2 - 3*x + 6. Let s be t(-5). What is the tens digit of 502/7 + -6*s/84?
7
Let w = -156 + 296. Let g = 211 - w. What is the tens digit of g?
7
Let q(z) = 3*z - z - 3*z**2 + 26 - 17 - z**3. What is the hundreds digit of q(-6)?
1
Let f(h) = h**3 - 11*h**2 + 12*h - 10. Let d be 0 + 13 + (1 - 4). Let b be f(d). Suppose -3*v = -v - b. What is the units digit of v?
5
Let i(m) = -m**3 + 6*m**2 + m - 7. Let c be i(6). Let j be 12*-4*5/(-8). Let z = j + c. What is the tens digit of z?
2
Suppose 34*h = -19*h + 122271. What is the hundreds digit of h?
3
What is the tens digit of ((-13)/4)/((-22)/2728)?
0
Suppose 5*d - 30 = -o, -d + 5*o - 25 = -5. Suppose 5*q + d = -0, q - 1269 = -5*s. What is the tens digit of s?
5
Suppose -4*f + 235 - 27 = 0. Suppose -2*q + f = -14. What is the tens digit of q?
3
Let n = 2283 - 843. What is the tens digit of n?
4
Let x = 354 - -76. What is the units digit of x?
0
Suppose -3*f - 15 = 2*f, 4*k = 4*f + 2380. What is the tens digit of k?
9
Let a = -7 - -12. Let c be (-2)/(3 - a)*2. Suppose -h + 48 = c*h. What is the units digit of h?
6
Suppose -3 - 12 = 3*s. Let y = -127 + 81. What is the tens digit of s/10*y/1?
2
Let j = 32 - 25. Let h = 11 - j. Suppose 23 - 86 = -3*r - s, 2*s - 82 = -h*r. What is the tens digit of r?
2
Suppose 35 - 135 = -4*s + 2*m, 0 = s - 5*m - 16. Let g = s - 19. What is the units digit of g?
7
Let n(l) = 3*l - 7. Let j be n(4). Suppose 4*c - 5*c = -130. Suppose c = j*k + 10. What is the units digit of k?
4
Let j(p) = 43*p + 40*p + 59*p**2